{"id":1843,"date":"2025-07-01T20:21:53","date_gmt":"2025-07-01T20:21:53","guid":{"rendered":"https:\/\/becompuec.com\/?post_type=product&#038;p=1843"},"modified":"2025-07-31T17:51:02","modified_gmt":"2025-07-31T17:51:02","slug":"firma-electronica-persona-natural","status":"publish","type":"product","link":"https:\/\/becompuec.com\/index.php\/product\/firma-electronica-persona-natural\/","title":{"rendered":"Firma electr\u00f3nica &#8211; Persona Natural o Jur\u00eddica"},"content":{"rendered":"<p>Firma documentos electr\u00f3nicos y emite comprobantes de venta electr\u00f3nicos con tu nueva firma<\/p>\n<p><span class=\"x19la9d6 x1fc57z9 x6ikm8r x10wlt62 x19co3pv x1g5zs5t xfibh0p xiy17q3 x1xsqp64 x1lkfr7t xexx8yu xyri2b x18d9i69 x1c1uobl\"><span class=\"xrtxmta x1bhl96m\">\u23f0 <\/span><\/span>Obt\u00e9n tu firma electr\u00f3nica en menos de 15 minutos enviando los siguientes requisitos:<\/p>\n<p><strong>\ud83d\udccc Persona Natural:<\/strong><\/p>\n<ul>\n<li>Foto de la c\u00e9dula de ambos lados \ud83d\udcf7<\/li>\n<li>Foto selfie sosteniendo la c\u00e9dula \ud83e\udd33<\/li>\n<li>Certificado de RUC (si deseas facturar) \ud83d\udcc4<\/li>\n<li>Correo electr\u00f3nico \ud83d\udce7<\/li>\n<li>N\u00famero de celular \ud83d\udcf1<\/li>\n<\/ul>\n<p><strong>\ud83d\udccc Persona Jur\u00eddica:<\/strong><\/p>\n<ul>\n<li>Foto de la c\u00e9dula de ambos lados (representante legal) \ud83d\udcf7<\/li>\n<li>Foto selfie sosteniendo la c\u00e9dula (representante legal) \ud83e\udd33<\/li>\n<li>Certificado de RUC de la empresa (PDF descargado del SRI)\u00a0\ud83d\udcc4<\/li>\n<li>Estatutos o constituci\u00f3n \ud83d\udcd1<\/li>\n<li>Nombramiento acorde a la vigencia de la firma \ud83d\uddc2\ufe0f<\/li>\n<li>Correo electr\u00f3nico\u00a0\ud83d\udce7<\/li>\n<li>N\u00famero de celular \ud83d\udcf1<\/li>\n<\/ul>\n","protected":false},"excerpt":{"rendered":"<p>Precios no incluyen IVA<\/p>\n","protected":false},"featured_media":1907,"comment_status":"open","ping_status":"closed","template":"","meta":[],"etheme_brands":[],"product_brand":[],"product_cat":[71],"product_tag":[],"class_list":{"0":"post-1843","1":"product","2":"type-product","3":"status-publish","4":"has-post-thumbnail","6":"product_cat-firmas-electronicas","8":"first","9":"instock","10":"taxable","11":"shipping-taxable","12":"purchasable","13":"product-type-variable"},"jetpack_sharing_enabled":true,"_links":{"self":[{"href":"https:\/\/becompuec.com\/index.php\/wp-json\/wp\/v2\/product\/1843","targetHints":{"allow":["GET"]}}],"collection":[{"href":"https:\/\/becompuec.com\/index.php\/wp-json\/wp\/v2\/product"}],"about":[{"href":"https:\/\/becompuec.com\/index.php\/wp-json\/wp\/v2\/types\/product"}],"replies":[{"embeddable":true,"href":"https:\/\/becompuec.com\/index.php\/wp-json\/wp\/v2\/comments?post=1843"}],"version-history":[{"count":7,"href":"https:\/\/becompuec.com\/index.php\/wp-json\/wp\/v2\/product\/1843\/revisions"}],"predecessor-version":[{"id":1911,"href":"https:\/\/becompuec.com\/index.php\/wp-json\/wp\/v2\/product\/1843\/revisions\/1911"}],"wp:featuredmedia":[{"embeddable":true,"href":"https:\/\/becompuec.com\/index.php\/wp-json\/wp\/v2\/media\/1907"}],"wp:attachment":[{"href":"https:\/\/becompuec.com\/index.php\/wp-json\/wp\/v2\/media?parent=1843"}],"wp:term":[{"taxonomy":"brand","embeddable":true,"href":"https:\/\/becompuec.com\/index.php\/wp-json\/wp\/v2\/etheme_brands?post=1843"},{"taxonomy":"product_brand","embeddable":true,"href":"https:\/\/becompuec.com\/index.php\/wp-json\/wp\/v2\/product_brand?post=1843"},{"taxonomy":"product_cat","embeddable":true,"href":"https:\/\/becompuec.com\/index.php\/wp-json\/wp\/v2\/product_cat?post=1843"},{"taxonomy":"product_tag","embeddable":true,"href":"https:\/\/becompuec.com\/index.php\/wp-json\/wp\/v2\/product_tag?post=1843"}],"curies":[{"name":"wp","href":"https:\/\/api.w.org\/{rel}","templated":true}]}}